22, p - 17 = -0*p + 4*v. Suppose -p*t = j - 0*j + 23, -5*j = 3*t + 27. List the prime factors of 2 - (t + (3 - 1)).
2
Let c = 1224 + -436. List the prime factors of c.
2, 197
Suppose -3*a = a - 80. Suppose 56 = -5*t + 346. Suppose f + a = t. What are the prime factors of f?
2, 19
Let g = 11 - 2. Suppose -4*q = -g*q + 10. Let c(t) = 17*t - 1. What are the prime factors of c(q)?
3, 11
Suppose -12*k + 3204 = -6*k. What are the prime factors of k?
2, 3, 89
Let h(u) = -u + 14. Let i be -2*(5/2)/1. Let t = -13 - i. List the prime factors of h(t).
2, 11
Let u(p) = 710*p**2 - p. What are the prime factors of u(-1)?
3, 79
Let f = 12 - 11. What are the prime factors of 2 + 189 + (0 - -1) - f?
191
What are the prime factors of (-4)/(148356/29676 - (0 - -5))?
2, 2473
Let w(b) = -5*b - 75. Let t be w(-19). Let q = t + 96. What are the prime factors of q?
2, 29
Let i = -5 + 6. Let y = i - -2. Suppose -5*o = 3*m - 9, -y*o = 2*m - 8*o - 31. List the prime factors of m.
2
Let k be ((-18)/(-21))/((-2)/(-14)). Suppose -140 = -4*w + s, -5*s = -2*w + 58 - k. List the prime factors of w.
2, 3
What are the prime factors of 10080/35 - (-2)/2?
17
Let a(j) = -j**2 - 71*j - 134. What are the prime factors of a(-31)?
2, 7, 79
Suppose -335 = -5*d + 300. Suppose 0 = 2*v - 185 - d. What are the prime factors of v?
2, 3, 13
List the prime factors of (-45 + 44)*-983*1.
983
Let o = 27 - 11. Let c be -3*o/3*2. Let k = c + 49. What are the prime factors of k?
17
Let s(t) = -2*t**3 - 5*t**2 + 27*t + 60. What are the prime factors of s(-9)?
2, 3, 5, 29
Let w(x) be the first derivative of 3*x + 3*x**2 + 1/3*x**3 - 8. What are the prime factors of w(-7)?
2, 5
Let i be (12/36)/(26/24 - 1). Suppose 2*z = -t + 145, -3*z + z - 530 = -i*t. List the prime factors of t.
3, 5
List the prime factors of 2552/36 + 2/18.
71
Suppose 2*p - 5*p + 3 = 0. What are the prime factors of p/(1/(-6))*124/(-12)?
2, 31
Let v = 19 - 12. Suppose 0*c = j + 5*c - 3, c + v = -4*j. Let q = 4 + j. What are the prime factors of q?
2
Let y(w) = w**3 + 5*w**3 + 15 + 11*w + 11*w**2 - 5*w**3. Let s be y(-10). Suppose -s*v + r = -153, -3*r + 4 + 2 = 0. List the prime factors of v.
31
Suppose -z + 226 = -114. What are the prime factors of z?
2, 5, 17
Suppose 217*z = 213*z + 8. Let o = 93 - 55. Suppose -3*s + o = -2*s + z*a, -5*s + 185 = 5*a. List the prime factors of s.
2, 3
Let v(o) = 57*o + 1. Let h be v(2). Suppose 0 = -3*f + s + h, f - 5*s = 2*f - 49. List the prime factors of f.
3, 13
Let u(l) = -112*l + 92. List the prime factors of u(-3).
2, 107
Let t = 1912 - -261. List the prime factors of t.
41, 53
Suppose 0 = -158*d + 163*d - 2375. List the prime factors of d.
5, 19
Suppose 3*q - 46 = z, 5*q + 3*z - 89 = -3. Suppose 4*x + 5*i = i + q, -3*i + 12 = 0. Suppose x = -4*p - 4 + 60. What are the prime factors of p?
2, 7
Let m(v) = -3*v + 1. Let c(x) = -x - 16. Let s = -24 - -14. Let b be c(s). What are the prime factors of m(b)?
19
Suppose 0 = 4*g + 2*q - 1380, 1345 + 374 = 5*g + q. List the prime factors of g.
7
Suppose -1047 = -5*n - 2*d, -4*d + 19 - 224 = -n. What are the prime factors of n?
11, 19
Suppose 4*y - 2*w - 144 = -0*w, -y = 4*w - 45. Let i = -18 - y. Let s = -27 - i. What are the prime factors of s?
2, 7
Let k = -508 - -831. List the prime factors of k.
17, 19
List the prime factors of (-1)/((-15)/(-670))*-84.
2, 7, 67
Let t(q) = q - 8. Let s(f) = 4*f - 12. Let m be s(5). Let n be t(m). Suppose n*h = -h + 20. List the prime factors of h.
2, 5
Let w(z) = -251*z - 241. What are the prime factors of w(-7)?
2, 379
Let m = 6806 - 4381. List the prime factors of m.
5, 97
Let n(z) = -18*z + 107. What are the prime factors of n(-20)?
467
Let z(h) be the first derivative of 5*h**2/2 - 4*h - 9. Let t(m) = 7*m - 1. Let d be t(1). What are the prime factors of z(d)?
2, 13
Let f(y) = y**3 - 5*y**2 + 5*y + 2. Suppose -3*v = 0, 0 = -4*h + 2*h - v + 8. Let m be f(h). Suppose 9*g = m*g + 93. What are the prime factors of g?
31
Let h = -19 + 21. Suppose -2*z + 2*k - 3 = -z, 3*z = -h*k + 23. Suppose -80 = -4*c - z*i, 0*c + 2*c + 3*i = 42. What are the prime factors of c?
3, 5
Let c(a) = a**3 - 9*a**2 - 21. Let w be c(9). Suppose 2*i = 2*f - 100 + 30, 2*f - 50 = -2*i. Let b = w + f. List the prime factors of b.
3
Let g = 151 - 89. Suppose -3*c = -g - 85. What are the prime factors of c?
7
Let i(m) = -m**3 + 20*m**2 + 27*m + 11. Let c be i(21). Let j = c + -32. What are the prime factors of j?
3, 5, 7
Let s(v) be the first derivative of -v**4/4 - 4*v**3 - 15*v**2/2 - 8*v - 6. List the prime factors of s(-11).
2, 3
Suppose 309 = -9*x + 6*x. Let v = x + 184. What are the prime factors of v?
3
Let y = -267 + 978. What are the prime factors of y?
3, 79
Let n(v) = 442*v**2 + v - 1. Let t be n(1). Let i = -314 + t. List the prime factors of i.
2
What are the prime factors of (31 + -24)*(-1)/(2/(-1034))?
7, 11, 47
Suppose 2*f - k - 20 = 0, -3*f + 48 = 5*k - 2*k. Suppose -4*o = -16 - f. List the prime factors of o.
7
Let y = 91 - 90. What are the prime factors of (y + 19)/(14/112)?
2, 5
Let l(n) = 11*n**2 + 3*n + 5. Let j be l(4). Suppose m - 68 = -4*f, 0 = -5*m - 3*f + 113 + j. What are the prime factors of m?
2, 3, 5
Let m(b) = -b**2 + 8*b + 11. Let z be m(9). Let t be (-23)/(-7) + (-4)/14. Suppose -2*u - 2*h = -t*u, z = h. What are the prime factors of u?
2
Suppose -5*g + 50 = -35. Let f = 52 + g. What are the prime factors of f?
3, 23
Let b = -1 + 12. Suppose 10*y = b*y + 18. Let a = y + 23. List the prime factors of a.
5
Suppose 5*u - 20 = 4*q, 6*u - 16 = 2*u - 3*q. Let p(j) = -j**2 + 3*j + 0*j + 5*j - u. What are the prime factors of p(5)?
11
Let v(a) be the first derivative of a**4/2 - 2*a**3/3 + a**2 - 3*a - 60. Let h(r) = -r**2 - 6*r + 3. Let i be h(-6). What are the prime factors of v(i)?
3, 13
Suppose a + 4*s + 12015 = 6*a, -4*s = 3*a - 7177. What are the prime factors of a?
2399
Suppose -31 = -4*j + 3*p, -3*j - 7 - 6 = 5*p. Suppose 120 + 8 = j*q. What are the prime factors of q?
2
Let m(r) = r**2 + 9*r + 65. List the prime factors of m(15).
5, 17
Let j = 65 - 92. List the prime factors of (-3924)/j + 4/6.
2, 73
Let d = 72 - -487. What are the prime factors of d?
13, 43
List the prime factors of -5*((-1653)/15 - 2).
3, 11, 17
What are the prime factors of 6 + (39/(-9))/(5/(-1650))?
2, 359
Suppose 75 = -3*s + 1107. Suppose -3*p + s = -p. What are the prime factors of p?
2, 43
Let m be 1*-12*(-9)/(-27). What are the prime factors of 827/3 + m/(-12)?
2, 3, 23
Let o(w) = w + 1. Let u be o(1). Suppose 0 = -u*g - g + 42. Suppose -b + 3*b = g. What are the prime factors of b?
7
Suppose -3*o = -r + 456, -2*r + 1486 - 579 = -5*o. Let a = -224 + r. List the prime factors of a.
7, 31
Let k = -81 - -74. Let g(d) = -d**3 - 6*d**2 - 13*d + 6. List the prime factors of g(k).
2, 73
Let a = -37 - -39. What are the prime factors of 265 + a/2 + 3?
269
Suppose -i = 2*r - 13, 0*r + 2*i = r + 6. Let d be r*(-2)/(-8) + 14. Suppose 174 = 18*g - d*g. List the prime factors of g.
2, 29
Let t(o) be the first derivative of -o**3/3 + o**2 - o + 3. Let w be t(1). Suppose -j = a + 14 - 57, 3*j + 2*a - 125 = w. What are the prime factors of j?
3, 13
Let w = -463 - -1364. What are the prime factors of w?
17, 53
Suppose 2*t - 12 = -t. Let z be 1/t + (-57)/(-12). Suppose -31 = -z*v + 24. List the prime factors of v.
11
Suppose a = -y + 575, -a - 12*y + 9*y = -583. What are the prime factors of a?
571
Suppose 6 = -7*h + 10*h. Let d be h + (3 - (-2 - -3)). Suppose -d*w + 8 = -4*s, -w + 31 = 2*w + 2*s. What are the prime factors of w?
7
Let j(f) be the third derivative of 7*f**4/12 - f**3/3 - 9*f**2. Let v(h) = -4*h - 2. Let i be v(-1). List the prime factors of j(i).
2, 13
Let h = 5390 - 2705. List the prime factors of h.
3, 5, 179
Suppose 0 = -3*d + 4*l + 254, -5*l + 25 = 5. What are the prime factors of (-2040)/d*(-2 + -1 - 0)?
2, 17
Let w(k) = 43*k - 6 - 27*k - 27*k + 0. What are the prime factors of w(-7)?
71
Let x(y) = 3*y + 7. Let l(w) = -2*w - 7. Let b(i) = 6*l(i) + 5*x(i). Suppose 0 = -0*o - 2*o + 4*j + 34, 0 = 4*o - 5*j - 53. What are the prime factors of b(o)?
2, 7
Let u(n) = -11 + 2*n**2 + 3 + 6 + 9*n. Let f be u(6). Suppose 5*v = -l + f, 2*l = 2*v - 3*l - 28. List the prime factors of v.
2, 3
Suppose 3 + 15 = 3*t. Suppose -t*s = -3*s - 177